ue of -1 + -137 + (-6470 - -6627)?
19
What is the value of (13 - (-1 + 3)) + -4 - (976 + -966)?
-3
What is the value of 6 - (-10 - (1 + 1)) - -23?
41
(-127 - -7) + (7 + 6 - 37) + 12
-132
What is (-17 - (-15 - 14)) + (16 - 0)?
28
12 - (15 + -13) - (27 + -10 - -94)
-101
50 + -16 + ((4 - (4 + 2)) + -1 - -14)
45
Calculate (4 - (11 - 5)) + 4 + (-60 - -29 - -105).
76
Calculate (-5 - -3) + 1 - ((9 - 1) + (-118 - -106)).
3
What is -14 + -6 + 12 - (-33 + (1 - -21))?
3
What is the value of 951 - 972 - (-1 - 12) - (-85 + -1)?
78
Evaluate -59 - 31 - (137 + -220).
-7
-3 - -21 - (29 + -15 + -4)
8
What is 39 - ((-14 - (10 + -14)) + -34 + 38)?
45
Evaluate 2 + 64 + 13 + (26 - (48 - 23)) + -9.
71
Calculate (-608 - -575) + (-1 - (1 - 1)) + (-22 - -31).
-25
Evaluate -156 - -112 - (2 - 75).
29
What is the value of (-84 - -90) + (16 + -13 - (2 - (-3 + 6)))?
10
What is the value of -13 + 1 - (-85 + 85) - (-1 - -11)?
-22
What is the value of 100 + -188 + 26 + (17 - 0)?
-45
What is the value of -60 + -107 + 163 - -99?
95
Calculate (-9 - (-4 - 4) - (8 - (-3 + 6))) + -81.
-87
What is (-79 + 188 - 28) + -101?
-20
What is the value of (-43 - -4) + -5 + 211 + -203?
-36
Calculate (-22 - (10 - 23)) + 54.
45
Evaluate 25 + -114 + -6 + 52.
-43
Calculate (146 - -6 - 75) + -1 + -12 + -1.
63
Evaluate -2 - (2 + -2 - 1) - (60 + -187 + 169).
-43
Evaluate (-4 - 40) + (-271 - -322).
7
What is the value of (1620 - 1683) + (19 - 2)?
-46
What is the value of (-53 - (1 + -60)) + 9 + (-2 + 5 - -1)?
19
42 + -20 + 6 + 7 + -3
32
-40 - (((-128 - -127) + (-1 - 2) - -9) + -2)
-43
Evaluate -12 + 27 - (-3 - 53) - (-8 - (-5 + 2)).
76
-68 + (-42 - -108) + 3
1
Calculate (27 - -1) + -956 + 935 - -2.
9
What is -1 + 16 + (4 - 5) - (6 + 0)?
8
-13 + -15 + 30 - (111 + (-43 - -21))
-87
What is the value of -8 - ((0 - 91 - -7) + (26 - 19) - -12)?
57
Evaluate 28 + 14 + -37 - -1 - -75.
81
Calculate -10 - (54 + 22 + -60).
-26
What is the value of 1 + 31 - (-19 - ((-2 - 1) + -8 + 2))?
42
What is ((49 - 42) + 80 - -33) + 4?
124
What is the value of -70 + -23 + 51 + 30?
-12
What is the value of 63 - (19 + -6 - (7 + -24 - -26))?
59
What is (-2 - (21 + -2 - 3)) + 31 + -18 + -6?
-11
-118 + 77 + -21 + 16 + (3 + 1 - -4)
-38
-28 - -20 - (12 - (-32 - -12))
-40
-1 + 21 + (-39 - -36 - 6)
11
Calculate -55 + 4 + -14 + 76.
11
4 - -18 - ((-30 + 2 - (-3 + -6)) + 32)
9
Evaluate 14 + 111 + -17 - (10 + (15 - 9 - 31)).
123
23 + (-14 - 37 - -48)
20
What is -3 - ((-6 + 53 - 29) + (-1 - 12))?
-8
19 - 0 - (-982 + 995)
6
Calculate (-13 + -25 - -35) + -5.
-8
-134 + 0 - (-1588 - -1555)
-101
Evaluate 29 - (21 + -5) - (1 + -45 + 1).
56
What is the value of -247 - -263 - ((0 - -5) + -2 + 19)?
-6
What is -100 + -33 + 19 - ((10 - (9 - 2)) + -2)?
-115
What is -49 + 34 - (-6 + -7 + 39)?
-41
Calculate (3 - (-37 - -1 - -21)) + -73.
-55
Calculate 18 - -1 - (0 - (4 - 10)).
13
What is -4 + -8 + -3 - (260 - 234)?
-41
(25197 - 25204) + (1 - -117)
111
Calculate 44 - (-16 - -35) - -5.
30
Calculate 12 - (-13 + 77 + -55).
3
Evaluate -34 - (-3 - (11 - (-8 - -2))) - (-1 + -96).
83
Calculate -13 + (5 - (-12 - -7)) + -9 + -32.
-44
What is -25 + -3 + 15 + 7 + 1?
-5
-119 + (-100 - -139) + 8
-72
What is -5 + 20 + -6 + 6 - (125 - -33)?
-143
Evaluate 75 + (-2 - (-57 + 49) - (0 - 1)).
82
-3 - 55 - (-163 - -120)
-15
Evaluate 1 - 6 - (-5 - (-8 - -14)) - -10.
16
What is the value of (-200 - (-204 + -133)) + (-1 - 6)?
130
(25 - 40) + -15 - -28
-2
Evaluate (-18 - 2 - -3) + (61 - (19 - -22)).
3
Calculate (0 - 1) + 7 + -11 + -662 + 679.
12
What is (-5 - -12 - 6) + (-25 - -29) + -18?
-13
What is -72 - -64 - -53 - -32?
77
Evaluate (-29 - -22) + (-53 - (-3 - -2)).
-59
What is the value of -28 - (-13 + (-15 + 42 - -8))?
-50
Calculate -162 - (-187 - (-9 - 71)).
-55
Evaluate (-22 - (-12 + 25 + -41)) + -38.
-32
40 + -71 + 33 + 19
21
Calculate (15 + -10 + 3 + -11 - -5 - -71) + -1.
72
0 - (-2 - -2) - (37 - (-59 - -123))
27
Evaluate 0 + 38 + 12 + (-1 - -7) + (-48 - -30).
38
What is the value of -47 - (35 + 3) - -56?
-29
What is the value of -3 - ((-18 - -7) + -33)?
41
(265 - 207 - (0 - -4)) + -19
35
Evaluate (-13 - 1 - (-3 - 33 - -15)) + (-2 - 65).
-60
Evaluate (0 - -3) + 9 + -22 + 13 + -3.
0
Evaluate ((10 - 3) + 29 - 5) + (-10 - -16).
37
What is the value of 158 - ((10 - (22 + 3)) + 58)?
115
Evaluate 20 + 36 + -132 + 94.
18
What is 54 - (130 + -71) - (11 - 8)?
-8
-31 + -1 + 2 - (40 + (-21 - 22))
-27
Evaluate 2 + 9 + (-37 - (-14 + -1)) + 35.
24
Evaluate -12 - ((-8 + 4 - -9 - 12) + 46).
-51
What is the value of -34 - (-39 - (-54 + 34 + 3))?
-12
0 - 2 - 11 - (113 + -39 + -35)
-52
-6 - (-2 - (3 - 9 - -11)) - -30
31
What is 6 + -59 + -2 - ((0 - -7) + (43 - 48))?
-57
Evaluate -21 + 17 + 31 + -122.
-95
-2 + 56 + 0 - (-3772 - -3802)
24
Evaluate -151 - (-18 + -12 - 66).
-55
What is the value of 13 + (0 - (-1 - -3)) + 0 + 7 + -7?
11
Evaluate 24 + (8 - (-6 - -15)) + -7 + -8 + 5.
13
Calculate ((12 - 15 - -11) + 5 - 8) + -12 + 29.
22
Evaluate -12 + (2 - 1) + 30 + (-22 - -67).
64
What is (18 - 7) + -7 + 5 + -3 + (72 - 93)?
-15
What is the value of -85 - (2 + (37 - 46)) - -9?
-69
What is (0 - -13) + ((23 - 3) + 74 - 4)?
103
What is the value of 12 - ((88 - 21) + 9)?
-64
74 + (-1 - 36 - -62)
99
Evaluate -84 - (1 + 7 + (7 + -28 + 38 - 29)).
-80
Evaluate -58 + (-46 - (-12 + -74)).
-18
What is the value of (-90 - (22 + -120)) + 0 + -7 + (-88 - 0)?
-87
-85 + 5 + (28 - 14) + 22
-44
Calculate (-88 - -45 - 40) + (24 + 1 - 6).
-64
-34 + 11 + (-4 - -6) + (-4 - -10) + -1
-16
(-17 - (10 - -31 - 1)) + 32
-25
57 - (-14 - (24 - 31) - (1 + -13) - -3)
49
Calculate -53 - (-14 + (-18 - -16)).
-37
-6 + (0 - -98) + 1 + 85 + -79
99
Calculate 96 - (313 - 81) - -42.
-94
What is the value of 36 + (-37 - -40) + -35?
4
Evaluate 9 - (-20 + 26) - (1 - -5 - -5).
-8
What is the value of -43 - (10 - (80 - 72))?
-45
What is the value of (14 - 0) + (-94 - -44) + -3 + -1 + -1?
-41
Calculate 7 + -6 + 9 + 4 + -21 + -1 + -62.
-70
What is the value of 92 + 10 + 523 + -539?
86
What is 16 - 1 - (270 - 223) - -21?
-11
What is the value of (-17 - (-16 + -22)) + (55 - -16) + -6?
86
Calculate (224 - 168) + (7 - 8 - (-1 + -7)).
63
What is 12 + (-22 + 100 - -4) - -3?
97
What is the value of (-2 - (-38 + 18 + 27)) + -18?
-27
(-9 - -46 - 40) + -7 + -3 + -62
-75
What is -51 + -61 + 27 + 78?
-7
Calculate (-153 - (-30 + -92)) + (-3 - -1).
-33
What is (171 - (-136 + 338)) + (0 - -71)?
40
What is 4 + 7 + -4 + 6 + (17 - -16)?
46
Calculate (0 + 28 - (-178 + 187) - 15) + -5 + 75.
74
What is the value of (-1 - 1) + -45 - (-158 - -165)?
-54
(1 - (-3 - (0 + 0))) + -75 + -19 - -4
-86
What is the value of 6 + (3 - 2) + 3445 + -3468?
-16
Evaluate (-81 - (-2 - 105)) + -10.
16
Calculate 6501 - 6576 - (-95 - 1).
21
(-14 - -15) + 59 + -2 + (695 - 673)
80
-17 + 49 + -36 + (-87 - (13 - 5))
-99
What is -6 + 2 + (-1 - 4) + 19 + -15 + 40?
35
61 + 29 + -12 + -71
7
Calculate -5 - (12 + (4 - 24) + (10 - 40)).
33
Calculate -8 - ((-64 - 65) + 69).
52
What is the value of (37 - (49 - -20)) + 56?
24
What is the value of 0 + -44 - (-11 + (10 - (19 - 56)) - 24)?
-56
Calculate (156 + -131 - (29 + 9)) + (3 - 4 - 43).
-57
7 + (-16 - 0 - -12) + 9 + 36
48
Evaluate (-74 + 78 - (10 + 1)) + 15 + (-154 - -101).
-45
Evaluate 1 - (2 - (3 + -6) - (25 - (44 - 9))).
-14
What is (-38 - -40 - (28 - 20)) + (43 - 0) - -13?
50
Evaluate 3 + -8 + 81 + -51 + 33.
58
What is 0 - -21 - (-43 - (-92 + 7))?
-21
Evaluate (151 - 90) + (-3 - (-2 - -13)).
47
Evaluate -45 + -140 + 196 - (3 + (0 - 0)).
8
(-34 - (0 + -45 + 30)) + 24
5
What is the value of 46 + -27 + -83 - (-10 - 5)?
-49
Evaluate (0 - -2) + -4 + (-61 - (-44 + 33 + 5)).
-57
Evaluate -15 - -10 - (-5 + -11) - (-20 - -7).
24
-9 + 3 - (-34 - -33 - 0)
-5
What is the value of (1 - 3) + -24 + (1140 - 1171)?
-57
What is -9 + -123 + 45 - -142?
55
9 + 2 + -18 + -16 + (-1 - -13) + 98
87
What is the value of -77 + 102 + (-9 - 57)?
-41
What is -10 + (-105 - (22 - 43) - -25)?
-69
Calculate (-10565 - -10562) + (5 - 0 - 1) + -2 + -1.
-2
Evaluate 3 - (0 - 22 - -39 - -40).
-54
-27 - (-4 + -4 - (83 - 91))
-27
Evaluate 232 + -128 - (-12 + 0) - (40 + -24).
100
2 + -48 + (-2281 - -2285)
-42
What is 182 + -256 - (-30 + -33)?
-11
Evaluate -78 - (99 + -134 + 48).
-91
What is the value of 47 + (-38 - -30) - (-4 - -164)?
-121
Evaluate 0 - -2 - 1 - (-87 - -78 - 19).
29